{"id":85321,"date":"2025-09-30T11:57:06","date_gmt":"2025-09-30T09:57:06","guid":{"rendered":"https:\/\/hunvolley.hu\/?post_type=tribe_events&#038;p=85321"},"modified":"2025-10-09T13:40:24","modified_gmt":"2025-10-09T11:40:24","slug":"sportintezet-mrsz-roplabda-specifikus-tematikus-nap","status":"publish","type":"tribe_events","link":"https:\/\/hunvolley.hu\/index.php\/event\/sportintezet-mrsz-roplabda-specifikus-tematikus-nap\/","title":{"rendered":"Sportint\u00e9zet &#8211; MRSZ R\u00f6plabda-Specifikus Tematikus Nap"},"content":{"rendered":"<p style=\"text-align: center;\"><strong>Sportint\u00e9zet &#8211; MRSZ R\u00f6plabda-Specifikus Tematikus Nap<\/strong><\/p>\n<p>&nbsp;<\/p>\n<p style=\"text-align: center;\">Id\u0151pont: 2025. okt\u00f3ber 13. (h\u00e9tf\u0151), 13:30\u201317:15<br \/>\nHelysz\u00edn: Magyar Sport H\u00e1za<br \/>\n1143 Budapest, Istv\u00e1nmezei \u00fat 1\u20133.<br \/>\nKonferenciaterem, I. emelet<\/p>\n<p style=\"text-align: left;\"><strong><u>Program<\/u><\/strong><\/p>\n<p style=\"text-align: left;\"><strong>13:30 \u2013 13:40\u00a0 <\/strong>Vatai Gabriella, a Magyar R\u00f6plabda Sz\u00f6vets\u00e9g eln\u00f6ke<br \/>\nK\u00f6sz\u00f6nt\u0151, bevezet\u0151<\/p>\n<p style=\"text-align: left;\"><strong>13:40 \u2013 14:10\u00a0 <\/strong>Dr. Zalai D\u00e1vid, MRSZ f\u0151titk\u00e1ra<br \/>\n\u201eMRSZ 2025 \u2013 Fejleszt\u00e9sek, eredm\u00e9nyek, j\u00f6v\u0151k\u00e9p\u201d<\/p>\n<p style=\"text-align: left;\"><strong>14:10 \u2013 14:40\u00a0 <\/strong>Kormos Mih\u00e1ly, MRSZ Edz\u0151k\u00e9pz\u00e9s vezet\u0151je<br \/>\n\u201eInnov\u00e1ci\u00f3 \u00e9s fejl\u0151d\u00e9s a hazai edz\u0151k\u00e9pz\u00e9si rendszerben\u201d<\/p>\n<p style=\"text-align: left;\"><strong>14:40 \u2013 15:15\u00a0 <\/strong>Toma S\u00e1ndor, sporttudom\u00e1nyos szakember<br \/>\n\u201eKih\u00edv\u00e1sok az U15 alatti koroszt\u00e1lyok edz\u0151inek k\u00e9sz\u00fcl\u0151 szakanyagok \u00f6ssze\u00e1ll\u00edt\u00e1s\u00e1ban\u201d<\/p>\n<p style=\"text-align: left;\"><strong>15:15 \u2013 15:30 <\/strong>K\u00e1v\u00e9sz\u00fcnet<\/p>\n<p style=\"text-align: left;\"><strong>15:30 \u2013 16:15\u00a0 <\/strong>T\u00f3th G\u00e1bor, MRSZ ut\u00e1np\u00f3tl\u00e1s-v\u00e1logatottak sportszakmai vezet\u0151je<br \/>\n\u201eTapasztalatok a vil\u00e1gbajnoks\u00e1gr\u00f3l \u2013 trendek, tendenci\u00e1k \u00e9s j\u00f6v\u0151k\u00e9p\u201d<\/p>\n<p style=\"text-align: left;\"><strong>16:15 \u2013 16:30\u00a0 <\/strong>Bagics Bence, MRSZ strandr\u00f6plabda szak\u00e1gmenedzsere<br \/>\n\u201eLA10 \u00e9s ami m\u00f6g\u00f6tte van \u2013 innov\u00e1ci\u00f3 \u00e9s sikerek a magyar strandr\u00f6plabd\u00e1ban\u201d<\/p>\n<p style=\"text-align: left;\"><strong>16:30 \u2013 16:45\u00a0 <\/strong>Raska Gyula \u00e9s Kert\u00e9sz R\u00f3bert, MRSZ \u00fcl\u0151r\u00f6plabda szak\u00e1gmenedzsere \u00e9s referense<br \/>\n\u201e\u00dcl\u0151r\u00f6plabda EB tapasztalatok \u2013 t\u00f6bb mint sport\u201d<\/p>\n<p style=\"text-align: left;\"><strong>16:45 \u2013 17:15 <\/strong>Kerekasztal-besz\u00e9lget\u00e9s<br \/>\nR\u00e9sztvev\u0151k: Vatai Gabriella, Dr. Zalai D\u00e1vid, T\u00f3th G\u00e1bor, Bagics Bence, Raska Gyula<br \/>\nModer\u00e1tor: a M\u00f3dszertani Int\u00e9zet k\u00e9pvisel\u0151je<\/p>\n<p style=\"text-align: left;\"><em>R\u00e9szv\u00e9teli sz\u00e1nd\u00e9k\u00e1t k\u00e9rj\u00fck, jelezze a Magyar R\u00f6plabda Sz\u00f6vets\u00e9g fel\u00e9 legk\u00e9s\u0151bb 2025. okt\u00f3ber 7-ig.<\/em><\/p>\n","protected":false},"excerpt":{"rendered":"<p>Sportint\u00e9zet &#8211; MRSZ R\u00f6plabda-Specifikus Tematikus Nap &nbsp; Id\u0151pont: 2025. okt\u00f3ber 13. (h\u00e9tf\u0151), 13:30\u201317:15 Helysz\u00edn: Magyar Sport H\u00e1za 1143 Budapest, Istv\u00e1nmezei \u00fat 1\u20133. Konferenciaterem, I. emelet Program 13:30 \u2013 13:40\u00a0 Vatai [&hellip;]<\/p>\n","protected":false},"author":8,"featured_media":0,"template":"","meta":{"_acf_changed":false,"_et_pb_use_builder":"","_et_pb_old_content":"","_et_gb_content_width":"","_tribe_events_status":"","_tribe_events_status_reason":"","footnotes":""},"tags":[],"tribe_events_cat":[],"class_list":["post-85321","tribe_events","type-tribe_events","status-publish","hentry"],"acf":[],"_links":{"self":[{"href":"https:\/\/hunvolley.hu\/index.php\/wp-json\/wp\/v2\/tribe_events\/85321","targetHints":{"allow":["GET"]}}],"collection":[{"href":"https:\/\/hunvolley.hu\/index.php\/wp-json\/wp\/v2\/tribe_events"}],"about":[{"href":"https:\/\/hunvolley.hu\/index.php\/wp-json\/wp\/v2\/types\/tribe_events"}],"author":[{"embeddable":true,"href":"https:\/\/hunvolley.hu\/index.php\/wp-json\/wp\/v2\/users\/8"}],"version-history":[{"count":3,"href":"https:\/\/hunvolley.hu\/index.php\/wp-json\/wp\/v2\/tribe_events\/85321\/revisions"}],"predecessor-version":[{"id":85326,"href":"https:\/\/hunvolley.hu\/index.php\/wp-json\/wp\/v2\/tribe_events\/85321\/revisions\/85326"}],"wp:attachment":[{"href":"https:\/\/hunvolley.hu\/index.php\/wp-json\/wp\/v2\/media?parent=85321"}],"wp:term":[{"taxonomy":"post_tag","embeddable":true,"href":"https:\/\/hunvolley.hu\/index.php\/wp-json\/wp\/v2\/tags?post=85321"},{"taxonomy":"tribe_events_cat","embeddable":true,"href":"https:\/\/hunvolley.hu\/index.php\/wp-json\/wp\/v2\/tribe_events_cat?post=85321"}],"curies":[{"name":"wp","href":"https:\/\/api.w.org\/{rel}","templated":true}]}}

Sportintézet &#8211; MRSZ Röplabda-Specifikus Tematikus Nap

<p style="text-align: center;"><strong>Sportintézet &#8211; MRSZ Röplabda-Specifikus Tematikus Nap</strong></p>
<p>&nbsp;</p>
<p style="text-align: center;">Időpont: 2025. október 13. (hétfő), 13:30–17:15<br />
Helyszín: Magyar Sport Háza<br />
1143 Budapest, Istvánmezei út 1–3.<br />
Konferenciaterem, I. emelet</p>
<p style="text-align: left;"><strong><u>Program</u></strong></p>
<p style="text-align: left;"><strong>13:30 – 13:40  </strong>Vatai Gabriella, a Magyar Röplabda Szövetség elnöke<br />
Köszöntő, bevezető</p>
<p style="text-align: left;"><strong>13:40 – 14:10  </strong>Dr. Zalai Dávid, MRSZ főtitkára<br />
„MRSZ 2025 – Fejlesztések, eredmények, jövőkép”</p>
<p style="text-align: left;"><strong>14:10 – 14:40  </strong>Kormos Mihály, MRSZ Edzőképzés vezetője<br />
„Innováció és fejlődés a hazai edzőképzési rendszerben”</p>
<p style="text-align: left;"><strong>14:40 – 15:15  </strong>Toma Sándor, sporttudományos szakember<br />
„Kihívások az U15 alatti korosztályok edzőinek készülő szakanyagok összeállításában”</p>
<p style="text-align: left;"><strong>15:15 – 15:30 </strong>Kávészünet</p>
<p style="text-align: left;"><strong>15:30 – 16:15  </strong>Tóth Gábor, MRSZ utánpótlás-válogatottak sportszakmai vezetője<br />
„Tapasztalatok a világbajnokságról – trendek, tendenciák és jövőkép”</p>
<p style="text-align: left;"><strong>16:15 – 16:30  </strong>Bagics Bence, MRSZ strandröplabda szakágmenedzsere<br />
„LA10 és ami mögötte van – innováció és sikerek a magyar strandröplabdában”</p>
<p style="text-align: left;"><strong>16:30 – 16:45  </strong>Raska Gyula és Kertész Róbert, MRSZ ülőröplabda szakágmenedzsere és referense<br />
„Ülőröplabda EB tapasztalatok – több mint sport”</p>
<p style="text-align: left;"><strong>16:45 – 17:15 </strong>Kerekasztal-beszélgetés<br />
Résztvevők: Vatai Gabriella, Dr. Zalai Dávid, Tóth Gábor, Bagics Bence, Raska Gyula<br />
Moderátor: a Módszertani Intézet képviselője</p>
<p style="text-align: left;"><em>Részvételi szándékát kérjük, jelezze a Magyar Röplabda Szövetség felé legkésőbb 2025. október 7-ig.</em></p>

<p>Sportintézet &#8211; MRSZ Röplabda-Specifikus Tematikus Nap &nbsp; Időpont: 2025. október 13. (hétfő), 13:30–17:15 Helyszín: Magyar Sport Háza 1143 Budapest, Istvánmezei út 1–3. Konferenciaterem, I. emelet Program 13:30 – 13:40  Vatai [&hellip;]</p>
